der when 885634 is divided by 299?
295
What is the remainder when 68314527 is divided by 86?
83
What is the remainder when 155582 is divided by 5761?
35
What is the remainder when 889113 is divided by 176?
137
What is the remainder when 755146 is divided by 107876?
14
Calculate the remainder when 3579582 is divided by 84.
6
What is the remainder when 78694153 is divided by 19?
10
What is the remainder when 11398416 is divided by 655?
106
What is the remainder when 332528 is divided by 30229?
9
What is the remainder when 4348455 is divided by 207069?
6
What is the remainder when 978926 is divided by 349?
330
Calculate the remainder when 33426797 is divided by 710.
707
Calculate the remainder when 2428980 is divided by 344.
340
Calculate the remainder when 116354 is divided by 9679.
206
What is the remainder when 1775584 is divided by 295928?
16
Calculate the remainder when 4247 is divided by 1985.
277
What is the remainder when 39066 is divided by 38745?
321
Calculate the remainder when 111005 is divided by 12602.
10189
What is the remainder when 1796857 is divided by 99?
7
Calculate the remainder when 606506 is divided by 1245.
191
Calculate the remainder when 247740 is divided by 82557.
69
Calculate the remainder when 1998536 is divided by 2708.
32
What is the remainder when 4068516 is divided by 1017118?
44
What is the remainder when 19602504 is divided by 12598?
16
Calculate the remainder when 15994173 is divided by 5378.
1
Calculate the remainder when 354907758 is divided by 6871.
6866
Calculate the remainder when 1495744 is divided by 498577.
13
What is the remainder when 27381 is divided by 1507?
255
What is the remainder when 487238329 is divided by 7654?
7651
What is the remainder when 28657474 is divided by 162?
160
Calculate the remainder when 89998 is divided by 25196.
14410
Calculate the remainder when 775356 is divided by 129083.
858
What is the remainder when 638581 is divided by 612?
265
Calculate the remainder when 3261836 is divided by 108715.
386
What is the remainder when 2814951 is divided by 85?
6
Calculate the remainder when 638508 is divided by 58044.
24
What is the remainder when 8005835 is divided by 154?
145
What is the remainder when 2179875 is divided by 108993?
15
Calculate the remainder when 195542 is divided by 543.
62
What is the remainder when 1441819 is divided by 476?
15
Calculate the remainder when 404411 is divided by 1624.
35
What is the remainder when 1257937 is divided by 1257807?
130
Calculate the remainder when 1791139 is divided by 34.
19
Calculate the remainder when 92797276 is divided by 15.
1
Calculate the remainder when 40613593 is divided by 13904.
9
Calculate the remainder when 95301558 is divided by 8.
6
What is the remainder when 583409 is divided by 887?
650
Calculate the remainder when 185286 is divided by 14252.
10
Calculate the remainder when 4414520 is divided by 150.
20
Calculate the remainder when 81300 is divided by 300.
0
What is the remainder when 9157767 is divided by 8?
7
What is the remainder when 2732262 is divided by 108?
78
Calculate the remainder when 15164601 is divided by 9918.
9897
What is the remainder when 25932 is divided by 12409?
1114
Calculate the remainder when 1536265 is divided by 1536239.
26
Calculate the remainder when 6255010 is divided by 31275.
10
Calculate the remainder when 2410001 is divided by 24.
17
Calculate the remainder when 1535608 is divided by 3436.
3152
What is the remainder when 661173 is divided by 12?
9
Calculate the remainder when 7754477 is divided by 34.
29
What is the remainder when 504674 is divided by 38529?
3797
Calculate the remainder when 337017 is divided by 339.
51
Calculate the remainder when 1873147 is divided by 1468.
1447
What is the remainder when 1113173 is divided by 955?
598
What is the remainder when 1443947 is divided by 189?
176
What is the remainder when 10964990 is divided by 2048?
2046
Calculate the remainder when 36724042 is divided by 165.
157
Calculate the remainder when 19792840 is divided by 482.
474
What is the remainder when 3993964 is divided by 19?
12
What is the remainder when 467417 is divided by 172?
93
Calculate the remainder when 936501 is divided by 936491.
10
Calculate the remainder when 220974 is divided by 1447.
1030
What is the remainder when 3099504 is divided by 311?
78
Calculate the remainder when 9733929 is divided by 92704.
9
What is the remainder when 4588882 is divided by 21443?
80
What is the remainder when 70328472 is divided by 38?
10
What is the remainder when 185802 is divided by 4468?
2614
What is the remainder when 119428 is divided by 2695?
848
Calculate the remainder when 573317 is divided by 1928.
701
Calculate the remainder when 1231053 is divided by 1275.
678
What is the remainder when 3470975 is divided by 2270?
145
Calculate the remainder when 211328 is divided by 120.
8
What is the remainder when 41769006 is divided by 2856?
6
Calculate the remainder when 9747429 is divided by 77.
76
What is the remainder when 109003 is divided by 108862?
141
Calculate the remainder when 1133363 is divided by 77.
0
Calculate the remainder when 1336 is divided by 679.
657
Calculate the remainder when 964621 is divided by 2.
1
Calculate the remainder when 150487 is divided by 30096.
7
Calculate the remainder when 11497307 is divided by 191621.
47
What is the remainder when 37934881 is divided by 93?
88
What is the remainder when 20150860 is divided by 10075428?
4
Calculate the remainder when 23930558 is divided by 830.
828
What is the remainder when 3476263 is divided by 10047?
1
What is the remainder when 46597 is divided by 657?
607
Calculate the remainder when 51829864 is divided by 2241.
16
Calculate the remainder when 85434 is divided by 9201.
2625
Calculate the remainder when 5229094 is divided by 196.
10
What is the remainder when 37908781 is divided by 62?
59
What is the remainder when 132825049 is divided by 10?
9
What is the remainder when 37449 is divided by 243?
27
What is the remainder when 3185881 is divided by 1112?
1
What is the remainder when 20582525 is divided by 447446?
9
What is the remainder when 2150639 is divided by 180?
179
What is the remainder when 32105413 is divided by 8507?
8502
Calculate the remainder when 299938 is divided by 16.
2
What is the remainder when 60648271 is divided by 21?
19
What is the remainder when 80821 is divided by 5771?
27
What is the remainder when 20681 is divided by 10251?
179
Calculate the remainder when 32408005 is divided by 2254.
2247
Calculate the remainder when 1343060 is divided by 51656.
4
What is the remainder when 172691 is divided by 438?
119
What is the remainder when 613680 is divided by 5630?
10
Calculate the remainder when 122465 is divided by 8746.
21
Calculate the remainder when 34331 is divided by 68.
59
What is the remainder when 275093 is divided by 984?
557
Calculate the remainder when 281702 is divided by 394.
386
What is the remainder when 34252 is divided by 17092?
68
What is the remainder when 1062393 is divided by 354073?
174
What is the remainder when 2325390 is divided by 464971?
535
Calculate the remainder when 48283 is divided by 23842.
599
Calculate the remainder when 4634524 is divided by 2902.
30
Calculate the remainder when 14037656 is divided by 32.
24
What is the remainder when 37472519 is divided by 6202?
35
Calculate the remainder when 115752 is divided by 1986.
564
What is the remainder when 234920 is divided by 117443?
34
Calculate the remainder when 36780741 is divided by 39.
36
Calculate the remainder when 1075387 is divided by 41.
39
What is the remainder when 33083853 is divided by 688?
685
Calculate the remainder when 91930 is divided by 6540.
370
What is the remainder when 297037 is divided by 156?
13
Calculate the remainder when 1117891 is divided by 318.
121
What is the remainder when 13328398 is divided by 290?
288
Calculate the remainder when 30202657 is divided by 9225.
7
What is the remainder when 1533699 is divided by 70?
69
Calculate the remainder when 2905915 is divided by 586.
527
What is the remainder when 54752 is divided by 4568?
4504
What is the remainder when 13914800 is divided by 182?
172
What is the remainder when 318095 is divided by 39738?
191
What is the remainder when 40792